= 62*r**2 + 2*r - 1. Calculate the remainder when v(1) is divided by (-1 - -31) + (-4)/(-2).
31
Suppose p + 4*x - 4 = 0, p + x + 2 = -0. Let s be (-71)/p + (-17)/(-68). Suppose -13*k = -s*k + 35. What is the remainder when 11 is divided by k?
4
Calculate the remainder when ((-1049)/(-6))/((-6)/(-36)) is divided by 75.
74
Suppose -12*z + 425 = -139. What is the remainder when z is divided by 15?
2
Suppose 2*f - 3 = 59. Let v = 5 - 0. Suppose 2*j + 47 = v*t, -3*t + 26 = -t + j. Calculate the remainder when f is divided by t.
9
Let l = 4 + -12. Let q(v) = v**3 - 2*v**2 + v + 4. What is the remainder when 89/2 - 4/l is divided by q(3)?
13
Suppose -4*a = -54 - 122. Suppose 17*n - 9*n - 592 = 0. Let l = n - 51. What is the remainder when a is divided by l?
21
What is the remainder when 156 is divided by (4/(-6))/((-3488)/696 - -5)?
40
Suppose -892 = 3*k - 7*k. Calculate the remainder when k is divided by 56.
55
Let m(d) = -d**2 + 8*d - 8. Let y be m(6). Calculate the remainder when (92 + 4)/y - -1 is divided by 9.
7
Let z(h) = 10*h**2 - 374*h + 94. Calculate the remainder when z(38) is divided by 45.
7
Suppose -4 = -3*w + 23. Let c(t) = 8*t - 2. Let q be c(w). Suppose 2*o = 10 + q. What is the remainder when o is divided by 14?
12
Suppose 0*y - 138 = -2*y. Let o = -450 - -305. Let b = -127 - o. What is the remainder when y is divided by b?
15
Let z(n) = n**3 - 58*n**2 + 126*n + 116. Calculate the remainder when z(56) is divided by 17.
16
Suppose 0 = -4*d - 13 - 3. Let a = -9 - d. Let y(v) = 3*v**2 - 5*v - 7. Calculate the remainder when y(a) is divided by 24.
21
Let o = 846 - 722. What is the remainder when o is divided by 38?
10
Let n(s) be the second derivative of -s**5/20 - 5*s**4/12 + s**3/6 - 4*s**2 - 4*s. Suppose -12 = -3*o + 6. Calculate the remainder when n(-6) is divided by o.
4
Let n(f) = f**3 + 16*f**2 - 19*f - 14. Let a be 10*-2 - (4 - 7). Calculate the remainder when 59 is divided by n(a).
19
Suppose -50 = -5*a - 0. Suppose -a*i = -7*i. Calculate the remainder when 16 is divided by 11 + (-1 - 0 - i).
6
Suppose 0 = -26*k - 307 + 1477. What is the remainder when 184 is divided by k?
4
Let b(c) be the third derivative of c**4/3 - 7*c**3/3 - 146*c**2. Let q = 16 + -5. Calculate the remainder when b(q) is divided by 25.
24
Let t(o) = -35*o - 50. Calculate the remainder when 266 is divided by t(-2).
6
Suppose -s + 18 = 2*s. Let n be ((-2)/s)/((-3)/36). Suppose -4*b + n = i - 5*i, -4*b = 3*i - 25. Calculate the remainder when 5 is divided by i.
2
Suppose -72 + 200 = 16*s. Calculate the remainder when s is divided by 3.
2
Let o be 4 + (-6 - -1 - (-2 + -1)). Suppose -7*q + o*q + 70 = 5*l, 5*l = 15. What is the remainder when 27 is divided by q?
5
Let r = 14 + 35. Calculate the remainder when 35 is divided by 258/14 + (-7)/r*3.
17
Let z = 475 + -457. Calculate the remainder when z is divided by 8.
2
Let v = 1350 - 1331. Calculate the remainder when 359 is divided by v.
17
Suppose 0 = -d + 3*d - 246. What is the remainder when d is divided by (-28)/(-35) - (-1030)/25?
39
Suppose -w + 21 - 5 = 0. Suppose r = 2*i + w + 1, 5*r + 4*i = 15. Calculate the remainder when 27 is divided by r.
6
Suppose 0 = -p + 17*p - 14000. Suppose 10*s - 17*s + p = 0. Calculate the remainder when s is divided by 33.
26
Let v = -717 - -753. Calculate the remainder when 970 is divided by v.
34
Let n(c) = -5*c**3 + 2*c**2 + 4*c + 2. What is the remainder when n(-2) is divided by (-9)/63 + -1 + (-142)/(-14)?
6
Let p(m) = m**2 - 2*m + 2. Let c be p(2). Suppose -6*d + 32 = -c*d. What is the remainder when 22 is divided by d?
6
Suppose 0 = b - 2, -65*a + 4*b - 27 = -66*a. What is the remainder when 94 is divided by a?
18
Suppose w + 45 = 3*s, s = -0*s + 2*w + 10. Suppose -5*i + 1 + 4 = 0. Calculate the remainder when (-4 + i)*427/(-21) is divided by s.
13
Let y be (104/(-3))/((-26)/663). Let a = y - 527. Calculate the remainder when 4/22 - a/(-33) is divided by 7.
4
Let y(q) = -6*q**3 - 2*q**2 + 3*q + 6. What is the remainder when 318 is divided by y(-2)?
38
Let a(m) be the second derivative of 5*m**4/6 - m. Suppose -5*y = b - 185, 5*y - 9*y - 3*b = -148. Calculate the remainder when y is divided by a(1).
7
Suppose 0 = -4*v + 2*v + 12. What is the remainder when ((-1746)/v)/(-1 + -2) is divided by 11?
9
Let w(m) = -23*m - 1. Let s = 12419 - 12407. What is the remainder when w(-1) is divided by s?
10
Suppose -4*z + 24 = -z. Let n = 1 - -10. What is the remainder when n is divided by (-28)/(-5) - z/(-20)?
5
Suppose 8*t = -5*t + 4680. What is the remainder when t is divided by 70?
10
Let v = -105 + 113. What is the remainder when -5*(0 + 1) + v is divided by 3?
0
Suppose 5*i + 37 = 257. What is the remainder when i is divided by (-24)/15*(-15)/2?
8
Let f = -2 - -2. Let p be (f/(-13))/(8/2). Suppose p = -6*x + x + 30. Calculate the remainder when x is divided by 4.
2
Suppose 0 = -5*c + 5 + 85. Let j(m) = m + 6. Let o be j(-3). Calculate the remainder when c is divided by -1 + (3 - 0) + o.
3
Let q(t) = t**3 + 6*t**2 - 7*t - 6. Suppose 192 = -5*y - l, 4*y = 2*l - 119 - 29. Let d = 66 + y. What is the remainder when q(-4) is divided by d?
26
Suppose 2*x = 6*x - 40. Suppose -2*r - 21 = 4*t - 1, 0 = 5*t + x. Let s = 15 + r. What is the remainder when 35 is divided by s?
8
Suppose 24 = 3*g + 4*f, 0 = -3*g - 3*f + f + 30. Suppose -k - 3 = -2*k. Suppose 40 = k*z - 62. What is the remainder when z is divided by g?
10
Let d(t) = -3*t + 19. Let b be d(6). Let y be (1 - b) + 2 + 0. Suppose 4*o + 7*r = y*r + 39, 4*o + 4*r = 44. What is the remainder when 46 is divided by o?
14
Suppose 4*g + 2*k - 344 = 0, g - 40 - 44 = -k. Calculate the remainder when 171 is divided by g.
83
Let x be ((-24)/36)/(1/(-54)). Suppose 2*a - 4*f = -2*a + x, 0 = -5*a - 5*f + 15. Suppose 7*b - 16 = 3*b. Calculate the remainder when a is divided by b.
2
Let o = -13 + 18. Let f = 19 - 16. Suppose 0 = -3*v + 12 - f. What is the remainder when o is divided by v?
2
Let b(l) = -l**2 + 14*l + 2. Let c be b(14). Suppose c*i - 4*w = -0*w + 70, -5*i + 5*w = -160. What is the remainder when i is divided by 8?
5
Let n(l) = -3*l**2 + l - 2. Let b be n(-2). Let m = -2 - 2. Let a = m - b. Calculate the remainder when 19 is divided by a.
7
Suppose 0 = 2*c - 4*d + 8, -c - 3*d = -d - 8. Let w(x) = 6*x**3 - 3*x**2 + 3*x - 3. What is the remainder when w(c) is divided by 20?
19
Let i = 4 - -8. Let s be 39/9 - (-1)/(-3). Suppose -4*j - 3*c + 138 = 0, j + s*c - 35 = 3*c. Calculate the remainder when j is divided by i.
9
Suppose 487 = 4*s + 5*v, -s - 4*v = -6*s + 578. Let p(r) = r**2 + r. What is the remainder when s is divided by p(5)?
28
Let i = 369 - 305. What is the remainder when 187 is divided by i?
59
Suppose 5*f = -2*u + 20 - 2, 4*f + 50 = 3*u. Suppose -u = -n - 2. Calculate the remainder when 22 is divided by n.
10
Suppose -5*q + 12 = -3. Calculate the remainder when (q/2)/(12/736) is divided by 19.
16
Let l(w) = w**3 - 8*w**2 + 8*w - 13. Let x be l(8). Suppose 3*n - 6 = x. Calculate the remainder when n is divided by 13.
6
Let p = 721 - 707. Calculate the remainder when 43 is divided by p.
1
Let s(d) = d**3 + 16*d**2 - 18*d + 14. Calculate the remainder when s(-17) is divided by 11.
9
Let h(n) = 5*n**2 - n - 1. Suppose 0 = 2*o, -107 = -x - 5*o - 89. What is the remainder when h(3) is divided by x?
5
Calculate the remainder when -2 - ((-959)/7 + 3) is divided by 28.
20
Suppose -4*v = -4*z - 88, 4*v - 5*z - 41 = 2*v. Suppose a = -2*d, -3*a - 2*a = 5*d + 10. Calculate the remainder when v/(1/(-1 + d)) is divided by 8.
7
Suppose 0 = -3*q + k + 3*k + 643, -5*q + 1064 = k. What is the remainder when q is divided by 54?
51
Let i = -61 + 88. What is the remainder when i is divided by (-4)/10 - 364/(-35)?
7
Suppose -2*c + 2 = 0, -4*z = c - 2995 + 1030. What is the remainder when z is divided by 19?
16
Let h be 2 + -2 + -2 + 4. Suppose l + 151 = 209. Suppose -12 = 3*p + 5*b - 75, 2*p = h*b + l. Calculate the remainder when p is divided by 7.
5
Let n = -60 + 65. Suppose -n*y - 4*r + 10 = r, r - 8 = -4*y. Calculate the remainder when y is divided by 2.
0
Suppose 27*j = 20*j + 52*j - 900. Let a(v) = -11*v**3 + 3*v**2 + v. Calculate the remainder when a(-2) is divided by j.
18
Let l(i) = -i**3 - 6*i**2 - 2*i - 8. Suppose 2*u = 1 + 5, -110 =